
13
Let x be ((-48)/(-120))/((-2)/(-20)). Suppose 0 = 3*v - g + 234 - 1016, -x*v + 1046 = 2*g. Calculate the greatest common divisor of 29 and v.
29
Let h be (-38)/(-475)*5 + (-3183)/(-5). Calculate the greatest common divisor of h and 14.
7
Let i be (14 + -1)*5 - (-3 - (-184)/23). What is the highest common factor of i and 702?
6
Let k(i) = i**2 - i + 10. Suppose 2*o - 5*p = 17, 5*p = -4*o + 3*o + 1. Let w be k(o). Suppose 42*s - 156 = w*s. Calculate the highest common factor of s and 6.
6
Suppose -119 = -18*q - 47. Suppose b + 121 = -q*p + 9*p, 4*p - 5*b - 80 = 0. Calculate the greatest common divisor of p and 400.
25
Suppose 31*f - 7124 = 16312. Suppose -s + f = 41*s. Let m(q) = -46*q - 1. Let w be m(-1). What is the greatest common factor of s and w?
9
Let v(z) = -3*z + 20. Let g be v(-7). Suppose 3*d + 8*u = 7*u - 59, g = -2*d - u. Let l = -11 - d. What is the greatest common divisor of 7 and l?
7
Let j be 8/10 + 5 + (-133)/35. Let y be 321 + 1/(j*(-3)/(-18)). What is the greatest common divisor of y and 36?
36
Let q be (180/(-240))/((-6)/6040). Let n = q + 234. What is the greatest common divisor of 23 and n?
23
Let d be 17 + (-4)/70*-10 + (-8)/14. Calculate the highest common factor of 5661 and d.
17
Suppose -55*h - 12722 = -23549 - 51048. Let z be (-9)/(-18) + (-89)/(-2). Calculate the highest common factor of z and h.
45
Suppose 953 = 5*o - 114*b + 118*b, -b - 918 = -5*o. Calculate the greatest common divisor of o and 315.
5
Suppose 13*p = -13*p + 6318. Suppose 36*g - p - 153 = 0. Calculate the greatest common factor of 9 and g.
1
Let h(s) = 58*s + 3236. Let y be h(68). What is the greatest common factor of y and 60?
20
Suppose 250 = 5*r - 130. Let p = -5916 - -6030. Calculate the greatest common divisor of r and p.
38
Let i(z) be the third derivative of z**5/60 + z**4/24 - z**3/6 - 2*z**2 - 20*z. Let n be i(-2). Let l = 4 + -1. What is the greatest common divisor of l and n?
1
Suppose -5*l + 11*l = -42, -5*k + 2*l = -344. What is the highest common divisor of 822 and k?
6
Let f be (45/(-6) + 5)/(2/(-4)). Let o be (f + 9)/(-1 - -2). Let q be 88/o - 12/42. What is the greatest common factor of q and 4?
2
Let m(b) = -3*b + 5. Let w be m(-6). Let o = w + -14. Let h = o - -16. What is the greatest common divisor of 75 and h?
25
Suppose 78566*z - 78559*z - 43498 = 0. What is the highest common factor of 39 and z?
13
Suppose 9*i = 120 + 258. Calculate the highest common factor of 826 and i.
14
Let v be (-1)/((-585)/52 + 11/1). Suppose 0*t = 5*t + 95. Let x be -3 - ((-7)/28 + t/v). What is the greatest common divisor of 40 and x?
2
Let c be 28/24 + (-3652)/(-264). What is the highest common divisor of 39300 and c?
15
Let d(t) = -27*t + 1492. Let z be d(-3). Calculate the highest common divisor of 52 and z.
13
Suppose 17*t - 15*t = 5*n + 285, -2*n = -3*t + 433. What is the greatest common divisor of t and 17545?
145
Let c(l) = -4*l**3 + 4*l**2 + 20*l + 30. Let u be c(-4). Suppose -2*f - 5*t + u = -4*t, -t - 129 = -f. Calculate the highest common divisor of f and 57.
19
Let x = 13019 - 7845. What is the greatest common divisor of x and 52?
26
Suppose -m + 132 = -12*m. Let s = 12 + m. Suppose s = 4*w - 8, 8*w = g + 3*w + 6. What is the greatest common divisor of 44 and g?
4
Suppose -2*c = 5*v, 4*v - 4*c = -21 - 7. Let r be 2067/(-10)*v - (-27)/45. What is the highest common factor of 36 and r?
18
Let i = -471 - -475. Suppose -i = -178*t + 176*t. Calculate the greatest common divisor of t and 38.
2
Let a be 5/(10/12)*58. What is the greatest common factor of a and 24?
12
Suppose 218 - 1394 = 8*p. Let w = p + 331. Calculate the highest common factor of 23 and w.
23
Let g be 0/2 + 5*2. Let p = -27 + 27. Let o be -2 + 1 + (-42)/(-7 - p). Calculate the highest common factor of g and o.
5
Suppose -24*z - 32*z = 93*z - 143040. Calculate the highest common factor of 2280 and z.
120
Let s = -36 - -40. Suppose s*i + 2 = 26. Let g be -14 - -15 - 34/(-2). Calculate the greatest common divisor of i and g.
6
Suppose 2*c + 13*c - 2467 - 1103 = 0. What is the highest common factor of c and 630?
14
Let b = 34 - 9. Let o be ((-2)/(-104))/(14/3752) - 8/52. What is the highest common divisor of b and o?
5
Let s = 14673 + -14619. Calculate the highest common factor of s and 1791.
9
Let q be 36042/63 - 464/4872. Calculate the highest common factor of q and 19162.
286
Suppose 72 = -3*t + 84, 2*t + 34792 = 4*z. Calculate the highest common divisor of z and 450.
150
Let o = 233 + -534. Let t = o + 349. Calculate the greatest common factor of t and 27.
3
Let o = -17658 - -17682. What is the highest common factor of 394 and o?
2
Let h be (-3)/(-4)*(-12)/(-1). Suppose l = -2*w + 10 + 32, -2*l + 82 = 5*w. Let p = h + l. Calculate the highest common divisor of 5 and p.
5
Let g be 0 + 106/22 + 4/22. Suppose 2*p + 26 = x, 5*x + 6*p = g*p + 152. Calculate the greatest common factor of 40 and x.
10
Let q = 15615 - 15342. Calculate the greatest common factor of q and 4732.
91
Suppose -108 + 108 = 8*g. Suppose g = 4*h - 7*h + 459. Calculate the greatest common divisor of h and 34.
17
Suppose q - 11*v = -13*v + 105, 4*q + 3*v = 420. What is the greatest common divisor of 168 and q?
21
Suppose 3*b + 5*s - 10442 = 0, -2240 = 4*b - 3*s - 16211. What is the greatest common factor of b and 6?
3
Let i be ((-2)/(-9))/(14/126) + 47. What is the greatest common divisor of 441 and i?
49
Let q(r) = r**2 - 4*r - 2. Let h be q(6). Let k = h + 16. Suppose 4*v = 2*s - 208, -3*v + 13 = -s + 117. What is the greatest common divisor of k and s?
26
Suppose 0 = -423*p - 636 + 4020. What is the greatest common factor of p and 194?
2
Let f = -2820 - -3520. Calculate the greatest common divisor of f and 300.
100
Suppose 44*d = 46*d - 3*p - 876, 3*d - 1316 = 5*p. Calculate the highest common factor of 63 and d.
9
Let s(n) = 66*n**2 - 246*n - 973. Let p be s(-4). What is the highest common factor of 11 and p?
11
Suppose -3*w + 5536 = -w + 2*m, -4*m - 8353 = -3*w. What is the highest common divisor of w and 375?
75
Let h be (129/(-2))/((-6)/20). Suppose 194 - h = -r. Calculate the highest common factor of 91 and r.
7
Suppose i - 2*u = 26, 10*i = -u + 252 + 134. Let f(d) = 2*d - 8. Let q be f(5). Calculate the greatest common factor of i and q.
2
Suppose -4*t = -60*u + 65*u - 35955, 3*t = -5*u + 26965. What is the greatest common factor of 124 and t?
62
Let q be 259/518*468*1. Calculate the greatest common divisor of 1746 and q.
18
Let m be 188 - 8 - -2*1. Let o = m + -16. Let r = 32 + o. What is the greatest common divisor of r and 18?
18
Suppose -2820 = 4*j + 2*p, 4*j + p = 4*p - 2800. Let v = 747 + j. What is the greatest common factor of 352 and v?
44
Let o = 349 - -140. Let m = o - 402. What is the highest common factor of m and 3?
3
Let l be 3/2 + 1773/18. Suppose -4*m = -3*m - w - 40, -2*m - 3*w = -l. What is the highest common divisor of m and 286?
22
Suppose 109 - 298 - 729 = -17*j. Let u(i) = i**2 + 6. Let s(b) = b + 11. Let t be s(-11). Let w be u(t). Calculate the highest common divisor of w and j.
6
Let f(j) = 3225*j + 12905. Let l be f(-4). Let t(p) = 81*p**2 - 1. Let s be t(1). What is the highest common divisor of s and l?
5
Suppose 0 = s + s + 116. Let b be s/(-6) + 3/9. Let m(j) = -j**2 + 11*j - 2. Let k be m(b). Calculate the highest common divisor of k and 20.
4
Let m(z) be the first derivative of -5*z**2/2 - 14*z + 4. Let w be m(-6). Let x be 4 - (1 - 1 - w). What is the greatest common factor of x and 140?
20
Let v = 2186 + -2109. Suppose z - 8 = 58. What is the greatest common factor of z and v?
11
Let m be 150/(-3)*-1 - 0. Calculate the highest common divisor of 74 and m.
2
Suppose 3*u = -a + 10195, 2*u = -u + a + 10187. Calculate the highest common factor of u and 79.
79
Let n = 66 + 16. Let l(y) = 6*y - 136. Let i be l(23). Suppose 0 = -4*j - 3*x + 161, -45 = -i*j - x + 36. Calculate the highest common divisor of j and n.
41
Let v be (-2 - -1)/(10 + (-1368)/136). Suppose 542 = 25*y + v. What is the greatest common factor of y and 168?
21
Suppose -40 = -96*o + 88*o. Suppose o*a = 4*d - 950, -244 = -6*d + 5*d - 2*a. Let p be (20/(-6))/((-2)/18). Calculate the highest common divisor of p and d.
30
Let u be 15/(-6 + (-74)/(-12)). Suppose -4*m + 8*m - 324 = 0. Let k = 117 - m. What